e the first derivative of 25*p**4/12 - p**3 + 13*p**2/2 + 19. Let n(k) be the second derivative of c(k). What are the prime factors of n(1)?
2, 11
What are the prime factors of ((-171)/(-38) - -9)/(3/5606)?
3, 2803
Let v be 10/(-6)*(-372)/310. What are the prime factors of -1 + 1 + (664 - v/(-2))?
5, 7, 19
Let s(t) = 616*t**2 - 30*t - 5. What are the prime factors of s(-5)?
5, 3109
Let m(p) = -2*p - p - 1708*p**3 - 3 - 4*p**2 + 1680*p**3. Let a = -147 - -145. What are the prime factors of m(a)?
211
List the prime factors of 13948/12*(189/36)/(3/12).
7, 11, 317
Let k(j) = 662*j**3 + 15*j**2 - 27*j + 4. What are the prime factors of k(2)?
2, 7, 379
Suppose -n = 2*s - 1967 - 10678, -2*n = -5*s + 31626. What are the prime factors of s?
2, 3, 17, 31
Suppose 15 = s + 9. Suppose -4*q = -s*q + 140. What are the prime factors of q?
2, 5, 7
Suppose 4*f + 266 = 5*k, 0 = 4*k + 3*f - 27 - 161. Let g = k - -326. List the prime factors of g.
2, 47
Suppose -3*u + i + 79 = 0, -87 = -3*u + 2*i + i. Suppose -u = -5*k, -4*m - m + 45 = -3*k. Suppose 0 = -r + m + 107. What are the prime factors of r?
7, 17
Let f = -424 + 1102. Let u = f + -357. What are the prime factors of u?
3, 107
Suppose 94370*g - 94353*g = 284665. List the prime factors of g.
5, 17, 197
Suppose 20*i - 17*i - 45 = 0. Suppose -13*w = -i*w + 344. What are the prime factors of (4 - (0 + 1)) + w + 2?
3, 59
Suppose 3*l - w - 21321 = 0, -10*l + 5*w + 21321 = -7*l. What are the prime factors of l?
3, 23, 103
List the prime factors of (-48)/(-30) + 598653/45 + 8.
13313
Suppose 3*t - 6*t + z + 38 = 0, -2*t + z = -26. Let m = 10 - t. Let w(v) = -7*v - 7. List the prime factors of w(m).
7
Let x = 26480 - -15240. List the prime factors of x.
2, 5, 7, 149
Let o = -27 - -34. Suppose 7 = o*c - 7. List the prime factors of 3/c - (-186)/4.
2, 3
Suppose -2*w = -7*w + 20. Let n(q) be the third derivative of 7*q**5/30 + q**4/24 + q**3 - 63*q**2. List the prime factors of n(w).
2, 3, 13
Suppose 130 = 25*v - 70. Suppose v*d = -5*d + 5148. List the prime factors of d.
2, 3, 11
Let d(x) = -x**2 + 7*x - 13. Let n be d(7). Let c = n - -24. Suppose 12*h = c*h + 76. List the prime factors of h.
2, 19
Suppose -5*g = -5*j + 55, 4*j - 38 = -8*g + 10*g. What are the prime factors of -10 + 15 + j*17?
3, 47
Suppose 3*r - 624 = p + 2976, -5*r = -5*p - 5990. List the prime factors of r.
1201
Suppose 3*h - 3*y + 379 = -119, -176 = h + 4*y. Let r = h - -194. What are the prime factors of r?
2, 13
Let t(w) be the first derivative of 3*w**2 - 20*w - 1. Let o be 3 - (7 + (-21 - -8)). What are the prime factors of t(o)?
2, 17
Suppose -681 + 691 = -2*q, q = 3*y - 100637. List the prime factors of y.
2, 7, 599
Let q = -1476 + 2377. Let j = -293 + q. What are the prime factors of j?
2, 19
Let w = -42 + 97. What are the prime factors of w - (-2 + (-4)/4*2)?
59
Let r(u) be the second derivative of -18*u**3 - 37*u**2/2 - 49*u + 2. What are the prime factors of r(-3)?
7, 41
Suppose 5*w - 33961 - 2424 = 0. What are the prime factors of w?
19, 383
Let w(i) = -11*i**2 - 9*i**3 + 3 - 7*i**2 + 14*i**2 - 5*i. Let p be w(-3). Suppose 2*s = 2*k + p - 63, 168 = 2*s - 4*k. What are the prime factors of s?
2, 3, 13
Let a(r) = 9 + 5*r**2 - 3 + 7*r**3 - 3 + 0*r**2 - 8*r + 0*r**3. List the prime factors of a(4).
499
Suppose 41856 = 2*u - 5*v, u + 62*v - 57*v - 20868 = 0. What are the prime factors of u?
2, 5227
Suppose 5*l - 25 + 10 = 0. Suppose 12*y = -l*y + 6225. List the prime factors of y.
5, 83
Let l(z) = -13*z - 28. Let i be l(-2). List the prime factors of -69*(i + -3)*(-12)/(-18).
2, 5, 23
What are the prime factors of -3 + (-282786)/(-14) + 7?
89, 227
Let w(n) = 3*n + 6*n + 12*n**2 - 11*n - 62 - 5*n. What are the prime factors of w(8)?
2, 5, 13
Suppose -2*m - 85124 = -9*v + 5*v, -v = -2*m - 21281. What are the prime factors of v?
13, 1637
Let p be -9*((-5)/(-15))/(-1). Suppose p*v - 128 = 5*q, 0*q = -3*q + 2*v - 77. List the prime factors of -5*(q - (-4)/(-1)).
5, 29
Let t(v) = v + 1. Let c be t(0). Let a(b) = 23*b**2 - 140*b + 136*b + 3 + 30*b**2. List the prime factors of a(c).
2, 13
Let q(g) = 3*g**2 - 38*g - 27. What are the prime factors of q(-39)?
2, 3, 17, 59
Let h(q) = q + 3. Let a be h(8). Suppose -a*g - 2 = -9*g. What are the prime factors of g + 22 + -5 + 7?
23
Let d(a) = 3*a**2 - 5*a - 15. Let o be -6*(-6)/18 - 4. Let b be d(o). What are the prime factors of 3318/b*(2 - 4/3)?
2, 79
Let f(i) = 2*i**2 + 18*i + 16. Let k be f(-10). Let t be k/(-96) + 37/(-8). What are the prime factors of 73/(-10 - t - -6)?
73
Let g = 6541 + -2129. List the prime factors of g.
2, 1103
Let r(c) = -c**3 - 16*c**2 - 19*c - 29. Let h be r(-15). Suppose 0 = 15*x - h*x + 8208. What are the prime factors of x?
3, 19
Suppose -2*m - 4*c + 26329 + 3865 = 0, 0 = c + 4. What are the prime factors of m?
3, 5, 19, 53
Suppose 0 = -0*i - 3*i + 1098. Let w be ((-2)/(-3))/(i/(-126) - -3). Suppose 0 = 3*j, 3*t = -3*j + w*j + 330. What are the prime factors of t?
2, 5, 11
Let u(v) = -48*v - 39*v - 604 + 3*v**2 + 558. List the prime factors of u(36).
2, 5, 71
Let d = -43238 - -76727. Suppose -40*p + d = -6311. List the prime factors of p.
5, 199
Let g(q) = 641*q**2 - 722*q + 5680. List the prime factors of g(8).
2, 1279
Let v(b) be the second derivative of b**4/12 + b**3/6 - 15*b. Let u be v(-1). What are the prime factors of 267/(u + ((-12)/(-8))/1)?
2, 89
Suppose -171990 = 325*f - 331*f. List the prime factors of f.
3, 5, 7, 13
Suppose -2*r + 93 = -4*k + 399, 3*r - k = -469. Let y be r/(-6)*2 - 50/(-75). Let n = y + 26. What are the prime factors of n?
79
Let i(k) = 49*k - 289. Let f be i(6). Suppose -f*r = y - 1164, r + 1171 = y - r. List the prime factors of y.
7, 167
Let s(k) = -17*k**2 + 3*k + 4. Let d be s(-1). Let a be d/((-64)/(-13) + -5). Suppose v + v = -2*h + a, -324 = -3*v + 3*h. List the prime factors of v.
2, 53
Let h(b) = 11*b**2 + 94*b + 1623. What are the prime factors of h(-16)?
5, 587
Let c(p) = -6*p**3 - 15*p**2 - 18*p + 57. What are the prime factors of c(-8)?
3, 257
What are the prime factors of (-18362781)/486*2/(-3)?
25189
List the prime factors of 28/2 + -5 - -6821.
2, 5, 683
List the prime factors of 89844/2 + -29 + 13.
2, 22453
Let q(i) = 943*i + 373. List the prime factors of q(6).
37, 163
Let k be (176/(-24))/(4/18*-3). Suppose -k*q = -2276 + 615. List the prime factors of q.
151
Suppose 3*q + 34 = 49. Let o = 124 + -48. Suppose r = -2*r - q*u + o, 88 = 3*r + 2*u. List the prime factors of r.
2
Suppose -671299 = 88*a - 3331891. What are the prime factors of a?
2, 3, 5039
Suppose -12*f = 17*f + 35*f - 26176. What are the prime factors of f?
409
Suppose -2*v + 0*v + 6*v = 0. Suppose v = -t + 5*x + 26, t + 0*t - 4*x - 21 = 0. Suppose -j - 3*p + 5 = 0, 6 + t = j + 2*p. What are the prime factors of j?
11
Let p = -265 - -657. Let x = 775 - p. What are the prime factors of x?
383
Let z(s) = -5*s - 24. Let d be z(-9). Let v = d - -1. List the prime factors of v.
2, 11
Suppose 4*l + 30 = 10. List the prime factors of 84/18*51 + l.
233
Let t be (-199)/(2765/(-460) - -6). List the prime factors of (-2)/16 - (t/32)/(-1).
2, 11, 13
Let k(l) = -l**3 - 17*l**2 - 3*l + 34. Let g be k(-17). Let t = 717 - g. List the prime factors of t.
2, 79
Let l = 5733 + -4246. What are the prime factors of l?
1487
Let w = 88 - 187. Suppose -f + 667 = -4*o, -5*o - 3*f - 557 = 264. Let b = w - o. List the prime factors of b.
67
Let s(c) be the third derivative of c**5/4 + 5*c**4/12 + 13*c**3/6 - 10*c**2 - 5. What are the prime factors of s(7)?
2, 409
Suppose 3*q + y = 6129, -4*q + 3*y + 8164 = 7*y. Suppose 212 = -m + 4*o + 631, -q = -5*m + 3*o. List the prime factors of m.
11, 37
Suppose -3*n + 159278 = -11*p + 7*p, 159260 = 3*n + 5*p. List the prime factors of n.
2, 5, 5309
Suppose -11*q + 32 = -3*q. Suppose -q*u + u + 3 = 0. What are the prime factors of u*-3 + -28 + 86?
5, 11
Suppose -9*f - 570 = f. Let q = -58 - f. Let d(k) = -116*k - 2. List the prime factors of d(q).
2, 3, 19
Let v = -161 - -161. Suppose -96 = -0*j - j + 4*i, -2*j - 4*i + 216 = v. What are the prime factors of j?
2, 13
Let i(a) = 2883*a - 1417. What are the prime factors of i(12)?
33179
Suppose -12 = -2*z - 6. Suppose 3*b = -0*x + x - 165, -z*x + 5*b = -507. Let n = -49 + x. What are the prime factor